igit of f?
6
Let y be (1 - 0)*-58*3/(-6). Suppose y + 119 = w. What is the units digit of w?
8
Suppose 2*q + 0*q + 5*g = 3895, 0 = -g - 5. What is the thousands digit of q?
1
Let t = -1274 - -1893. What is the tens digit of t?
1
Let c(v) = 2*v**3 - 5*v**2 + 2. Let u be c(4). Let h = u + -121. Let k = -44 - h. What is the units digit of k?
7
Let a(w) = w**3 + 10*w**2 + 11*w. Let t be 45/(-10)*(-4)/6. Suppose -2*h - 11 + 4 = -t*g, -23 = h + 5*g. What is the tens digit of a(h)?
4
Let f(i) = -i**2 - 33*i - 39. Let u(z) = 2*z**2 + 67*z + 78. Let s(j) = 5*f(j) + 2*u(j). What is the tens digit of s(-20)?
8
Suppose -152*k = -149*k - 2754. What is the units digit of k?
8
Let s be (0 + -4)/(-4 - -3 - 0). Suppose -5*m + 38 = s*v - 66, v = 4*m - 100. What is the units digit of m?
4
Suppose -4*s + 38 = 2*u, -2*s - 2 + 11 = -u. What is the units digit of (-201)/(-7) + 2/s?
9
Let c(b) = b**2 - 6*b. Let f(k) = -k**2 - 13*k - 9. Let v be f(-11). Let l = 21 - v. What is the tens digit of c(l)?
1
Let b be 6 - (-1 + -2 + 4). Suppose -5*m = -5*t + 18 + 17, b*t - m = 23. Suppose t*u + 4 = 12. What is the units digit of u?
2
Suppose 2*g = 418 + 164. What is the units digit of g?
1
Suppose -3*w + 3 = -12. Suppose 13 - 253 = -w*o. What is the tens digit of o?
4
What is the units digit of 21/(-49) + 16998/21?
9
Suppose 1473 = 3*z - 3*l - 60, -3*l = 3. What is the hundreds digit of z?
5
Suppose 17 = 4*g - o, 4*g - 2*o - 2*o = 20. Let c(z) = -2*z - 3. Let t be c(-3). Let s = g - t. What is the units digit of s?
1
Let s be 7 - 9 - (-14)/2. Let h be -2*2*s/(-20). Suppose g + h = 0, 5*r - 184 - 28 = -3*g. What is the tens digit of r?
4
Let n = 2294 + -1363. What is the hundreds digit of n?
9
Suppose -2*y + 4*g + 20 = 0, 3*g + 2*g = y - 7. Let w = -11 + y. What is the tens digit of 4/(-2)*w - -23?
2
Let p = -43 - -39. What is the tens digit of p*(1 - 102/4)?
9
Let u = -640 + 1216. What is the tens digit of u?
7
Suppose 0*a - a + 343 = 0. What is the hundreds digit of a?
3
Let r = 1547 + -590. What is the tens digit of r?
5
Let v(x) = -4*x**3 - 8*x**2 - 6*x - 3. What is the tens digit of v(-5)?
2
What is the thousands digit of 35192/20 - (110/(-25) + 4)?
1
Let c = 9 - 4. Suppose -21 = -3*x + 3*s - 9, -14 = -2*x + c*s. Suppose -b = -x*b + 43. What is the tens digit of b?
4
Suppose 50394 = 57*g - 20*g. What is the thousands digit of g?
1
Let u be -6 - 8/(-2) - -355. Suppose 6*i = -23 + u. What is the tens digit of i?
5
Suppose -2*w - 4*f = -1334, 5*w = w + 4*f + 2644. Suppose 25 = 4*o - w. What is the hundreds digit of o?
1
Suppose 0 = 5*r - 4513 - 17457. What is the hundreds digit of r?
3
Let v(l) = 2*l**2 + 8*l - 10. What is the hundreds digit of v(12)?
3
Let j be 5/(5/(-2)) + -23. Let n = -46 + j. Let r = -51 - n. What is the units digit of r?
0
Let q = 6 - -1. Let v be (q - 13)/((-3)/(-2)). What is the tens digit of v - (-49 + -4 + 4)?
4
What is the hundreds digit of ((-32)/5 - 2)*345/(-6)?
4
Let t(w) = 7*w - 7. Let i be 4/(-14) + (-60)/(-14). What is the tens digit of t(i)?
2
What is the thousands digit of (3223 + 3 + 6 + -2)/2?
1
Suppose -6145 - 1750 = -5*i. What is the hundreds digit of i?
5
Let i(v) = 8*v**2 - 29*v - 18. What is the tens digit of i(5)?
3
Suppose -126*d - n - 7275 = -129*d, 9 = 3*n. What is the tens digit of d?
2
Let x(r) = 14*r**2 + 4*r - 8. Let y be x(-5). Let k = y + -199. What is the tens digit of k?
2
Suppose 0 = 3*f - 4295 - 481. What is the hundreds digit of f?
5
Suppose -r + 2*a = 0, -15 = -5*r + 5*a - 0*a. Suppose r*k - 5*k - 95 = -2*z, z - 475 = -5*k. What is the tens digit of k?
9
Let l(b) = 15*b**2 + 4*b + 47. What is the tens digit of l(-6)?
6
Let j(v) = -v**3 - 2*v - 8. Suppose -4*f = g - 8, 0*g + 4 = -4*g - 4*f. Let y(t) = t + 1. Let w(c) = g*y(c) - j(c). What is the units digit of w(3)?
5
Let r(f) = -f**2 + 12*f + 2. Let b be r(12). Suppose 3*j + 4*u - 150 = 0, 3*j - b*j = -2*u + 52. What is the tens digit of j?
4
Let h be 1/(2/20*-2). Let z be (h - 0)*16/20. What is the units digit of 2*-1 + 40 + z?
4
Let m = 6 + -9. Let k be 1/(248/84 + m). Let g = k + 39. What is the tens digit of g?
1
Let k = 547 - 314. What is the tens digit of k?
3
Let o = 896 - 385. What is the hundreds digit of o?
5
Let k(d) = -20*d**3 + 6*d**2 - d - 39. What is the hundreds digit of k(-5)?
6
What is the tens digit of -36*-11*(-6)/(-12)?
9
Let a(m) = 1291*m + 236. What is the units digit of a(4)?
0
Suppose 5 = f, 0*f = 3*c - f - 10. Suppose 0 = 3*o - j + 2, 5*o + 20 = -0*o + c*j. What is the units digit of o?
1
Suppose 3*v + 2*v + 65 = -5*f, -2*v + 5*f + 2 = 0. Let l = v - -9. Suppose l = -5*p - u + 136, 0*u = -5*p + u + 144. What is the units digit of p?
8
Suppose 105*c - 23850 = 87*c. What is the units digit of c?
5
Let m be -1 + 0 + (6 - 0). Let f(a) = a**3 - 4*a**2 + 6*a + 5. What is the tens digit of f(m)?
6
Suppose -i + 4*l = -35, 3*l - 2*l = -5. Suppose i = -0*x + 5*x. Suppose -3*q = -x*n + 57, 0 = -3*n + 3*q + q + 60. What is the units digit of n?
6
Suppose 886 = 3*m + 2*l, 51*l = 50*l - 1. What is the tens digit of m?
9
Let h(j) = 3*j + 10. Let i(s) be the first derivative of -s**3/3 - 4*s**2 - 5*s + 5. Let g be i(-6). What is the units digit of h(g)?
1
Suppose 3539 + 1893 = 14*g. What is the tens digit of g?
8
Let p(f) = 95*f - 170. What is the hundreds digit of p(24)?
1
Suppose 0 = 5*s - 3*h + 102, 2*h - 23 = s + 4*h. What is the tens digit of s*2*3/(-9)*5?
7
Let l(a) = -34 + 7*a - 18 + 16. What is the tens digit of l(12)?
4
Let a = 2104 - 780. What is the thousands digit of a?
1
Let c(i) = 3*i**2 - 7*i + 1. Let z(b) = -b**2 + b - 1. Let y(k) = -c(k) - 4*z(k). Let q be y(-3). Suppose o = q*o - 10. What is the units digit of o?
5
Let m be -30 - (4/(-6))/((-8)/(-12)). What is the hundreds digit of ((-1075)/(-75))/(2 + m/15)?
2
Suppose 293*b - 284*b - 13482 = 0. What is the units digit of b?
8
Let a = 1466 - 266. What is the hundreds digit of a?
2
Let d(q) = 18*q**2 + 3*q + 3. Let x be d(-2). Suppose -x = -l - 2*y - 26, -3*l - 3*y + 117 = 0. What is the tens digit of l?
3
Let s(m) = 143*m + 162. What is the hundreds digit of s(8)?
3
What is the units digit of -8*1 + 2 - (-1090 + 21)?
3
Let m be 1*5/(10/(-4)). Let n be 3/(3*m)*2. What is the units digit of (23 - n) + (-5)/5?
3
Let p = 147 - -74. Let h = 345 - p. What is the units digit of h?
4
Suppose 15916 + 44388 = 16*i. What is the thousands digit of i?
3
Let v = 0 + -6. Let h(l) = l**2 + 4*l + 2. Let a be h(v). Let n = a - 11. What is the units digit of n?
3
What is the units digit of 2/(-5)*24565/(-34)?
9
Let i(y) = -4*y**3 + 3*y**2 - 4*y + 3. Let a(r) = r**3 + r**2 - r + 1. Let l(t) = -3*a(t) - i(t). Let s be l(4). Let q = -6 - s. What is the units digit of q?
4
Let u(b) = -b**2 - 10*b + 6. Let m be u(-11). Let o(y) = -10*y - 5. What is the units digit of o(m)?
5
Suppose -42 = -33*v + 27*v. What is the units digit of v?
7
Let u = -26 - -11. Let t = u + 12. What is the units digit of -1*(15 - t)/(-1)?
8
Suppose 3 = 12*k - 11*k. Suppose -2*i + 367 = -v, v = k*i - 2*v - 552. What is the hundreds digit of i?
1
Let i = 195 - -30. Suppose 5*g - 10 = 0, -2*f = f + 3*g - i. What is the tens digit of f?
7
Suppose -34 - 8 = 3*l - 2*n, 6 = -2*n. Let d = l + 51. Suppose -5*j = 2*c - 62, 3*j = 2*c - c + d. What is the tens digit of j?
1
Let n(r) = -15*r**2 + 2*r + 3. Let j be n(3). Let l = -13 - j. What is the units digit of l?
3
Let q = -104 - -290. What is the tens digit of q?
8
Let t(u) = -u**3 + 3*u**2 + u + 2. Let j(z) = -z - 6. Let p be j(-9). Let k be t(p). Suppose 12 = 9*o - 6*o - 5*d, 30 = 5*o - k*d. What is the units digit of o?
9
Let y(z) = z**3 - 6*z**2 + 5*z + 3. Let f be y(5). Let s(d) = 4*d. Let v be s(-2). What is the units digit of v/f*36/(-16)?
6
Let c be 308/11 - -1*2. Suppose 6*o - 4*o - 106 = 0. Let f = o - c. What is the units digit of f?
3
Let g = 132 - 139. What is the units digit of g/(-35) + 734/5?
7
What is the hundreds digit of (-8 + 8560/24)*(9 - 0)?
1
Let b(m) be the second derivative of -m**5/40 - 25*m**4/24 + m**3/3 + 13*m. Let t(q) be the second derivative of b(q). What is the units digit of t(-10)?
5
Let q = 41 - 38. What is the units digit of (-6 - -6)/(-3) + 9*q?
7
Let y(h) = -6 - 67*h + 23 - 10 - 29*h. What is the hundreds digit of y(-1)?
1
Suppose 4*q = -30 - 82. What is 